{"id":1132,"date":"2024-06-25T22:55:41","date_gmt":"2024-06-25T20:55:41","guid":{"rendered":"https:\/\/arnerimmobilier.fr\/?page_id=1132"},"modified":"2024-06-26T00:37:20","modified_gmt":"2024-06-25T22:37:20","slug":"mentions-legales","status":"publish","type":"page","link":"https:\/\/arnerimmobilier.fr\/index.php\/mentions-legales\/","title":{"rendered":"Mentions l\u00e9gales"},"content":{"rendered":"\t\t<div data-elementor-type=\"wp-page\" data-elementor-id=\"1132\" class=\"elementor elementor-1132\">\n\t\t\t\t\t\t<section class=\"elementor-section elementor-top-section elementor-element elementor-element-353b4a99 elementor-section-boxed elementor-section-height-default elementor-section-height-default\" data-id=\"353b4a99\" data-element_type=\"section\">\n\t\t\t\t\t\t<div class=\"elementor-container elementor-column-gap-default\">\n\t\t\t\t\t<div class=\"elementor-column elementor-col-100 elementor-top-column elementor-element elementor-element-72b2ec9\" data-id=\"72b2ec9\" data-element_type=\"column\">\n\t\t\t<div class=\"elementor-widget-wrap elementor-element-populated\">\n\t\t\t\t\t\t<div class=\"elementor-element elementor-element-5ee04e02 elementor-widget elementor-widget-text-editor\" data-id=\"5ee04e02\" data-element_type=\"widget\" data-widget_type=\"text-editor.default\">\n\t\t\t\t<div class=\"elementor-widget-container\">\n\t\t\t<style>\/*! elementor - v3.20.0 - 13-03-2024 *\/\n.elementor-widget-text-editor.elementor-drop-cap-view-stacked .elementor-drop-cap{background-color:#69727d;color:#fff}.elementor-widget-text-editor.elementor-drop-cap-view-framed .elementor-drop-cap{color:#69727d;border:3px solid;background-color:transparent}.elementor-widget-text-editor:not(.elementor-drop-cap-view-default) .elementor-drop-cap{margin-top:8px}.elementor-widget-text-editor:not(.elementor-drop-cap-view-default) .elementor-drop-cap-letter{width:1em;height:1em}.elementor-widget-text-editor .elementor-drop-cap{float:left;text-align:center;line-height:1;font-size:50px}.elementor-widget-text-editor .elementor-drop-cap-letter{display:inline-block}<\/style>\t\t\t\t<p><!-- wp:paragraph --><\/p>\n<p>Soci\u00e9t\u00e9 : Arner Immobilier<br>Si\u00e8ge social : 38, rue des Poissonniers<br>Forme juridique : Soci\u00e9t\u00e9 par actions simplifi\u00e9e<br>Capital social : 10.000 euros<br>SIREN : 834 345 423 RCS Nanterre<br>Num\u00e9ro de TVA intracommunautaire : FR72834345423<br>T\u00e9l\u00e9phone : 01 47 45 47 45<br>Adresse e-mail : contact[@]arnerimmobilier.fr<br>Site internet : arnerimmobilier.fr<\/p>\n<p><!-- \/wp:paragraph --><\/p>\n<p><!-- wp:paragraph --><\/p>\n<p>Les activit\u00e9s de la Soci\u00e9t\u00e9 :<\/p>\n<p><!-- \/wp:paragraph --><\/p>\n<p><!-- wp:list --><\/p>\n<ul>\n<li style=\"list-style-type: none;\">\n<ul><!-- wp:list-item --><\/ul>\n<\/li>\n<\/ul>\n<ul>\n<li style=\"list-style-type: none;\">\n<ul>\n<li>transaction sur immeubles et fonds de commerce<br>Carte professionnelle d\u00e9livr\u00e9e par la Chambre de Commerce et d&rsquo;Industrie de Paris Ile<br>de France sous le num\u00e9ro CPI 9201 2018 000 521 478.<\/li>\n<\/ul>\n<\/li>\n<\/ul>\n<p><!-- \/wp:list-item --><\/p>\n<p><!-- wp:list-item --><\/p>\n<ul>\n<li style=\"list-style-type: none;\">\n<ul>\n<li>conseiller en investissement financier<br>Immatricul\u00e9 \u00e0 l&rsquo;Orias sous le num\u00e9ro 19003679<br>Adh\u00e9rent \u00e0 l&rsquo;ANACOFI-CIF, 92 rue d&rsquo;Amsterdam 75009 Paris<\/li>\n<\/ul>\n<\/li>\n<\/ul>\n<p><!-- \/wp:list-item --><\/p>\n<p><!-- \/wp:list --><\/p>\n<p><!-- wp:paragraph --><\/p>\n<p>Informations \u00e0 conna\u00eetre avant la mise en place d&rsquo;une relation d&rsquo;affaire \u2013 <a href=\"https:\/\/arnerimmobilier.fr\/wp-content\/uploads\/2024\/06\/Arner-Immobilier-Informations-a-connaitre.pdf\" target=\"_blank\" rel=\"noopener\">redirection<br>vers le Document \u2013 Informations \u00e0 conna\u00eetre<\/a><\/p>\n<p><!-- \/wp:paragraph --><\/p>\n<p><!-- wp:paragraph --><\/p>\n<p>La protection de vos donn\u00e9es.<br>L&rsquo;utilisation de vos donn\u00e9es personnelles est encadr\u00e9e par la r\u00e9glementation et fait l&rsquo;objet<br>d&rsquo;une charte qui est communiqu\u00e9e lors de la mise en place de la relation d&rsquo;affaire.<\/p>\n<p><!-- \/wp:paragraph --><\/p>\n<p><!-- wp:paragraph --><\/p>\n<p>Lutte contre le blanchiment et le terrorisme.<br>Dans le cadre de ses activit\u00e9s, Blocker met en \u0153uvre des outils d&rsquo;\u00e9valuation et de<br>gestion des risques de blanchiment de capitaux et de financement du terrorisme.<\/p>\n<p><!-- \/wp:paragraph --><\/p>\n<p><!-- wp:paragraph --><\/p>\n<p>Gestion du risque de conflit d&rsquo;int\u00e9r\u00eat.<br>La pr\u00e9vention des conflits d&rsquo;int\u00e9r\u00eats contribue \u00e0 l&rsquo;am\u00e9lioration de la relation d&rsquo;affaire.<br>A ce titre, la Soci\u00e9t\u00e9 a \u00e9tabli une proc\u00e9dure qui d\u00e9finit, identifie et g\u00e8re le risque de conflit<br>d&rsquo;int\u00e9r\u00eat.<\/p>\n<p><!-- \/wp:paragraph --><\/p>\n<p><!-- wp:paragraph --><\/p>\n<p>Traitement des r\u00e9clamations<\/p>\n<p><!-- \/wp:paragraph --><\/p>\n<p><!-- wp:paragraph --><\/p>\n<p>Pour toute r\u00e9clamation, la Soci\u00e9t\u00e9 peut \u00eatre contact\u00e9:<\/p>\n<p><!-- \/wp:paragraph --><\/p>\n<p><!-- wp:list --><\/p>\n<ul>\n<li style=\"list-style-type: none;\">\n<ul><!-- wp:list-item --><\/ul>\n<\/li>\n<\/ul>\n<ul>\n<li style=\"list-style-type: none;\">\n<ul>\n<li>par courrier au 38, rue des Poissonniers \u2013 92200 Neuilly sur Seine,<\/li>\n<\/ul>\n<\/li>\n<\/ul>\n<p><!-- \/wp:list-item --><\/p>\n<p><!-- wp:list-item --><\/p>\n<ul>\n<li style=\"list-style-type: none;\">\n<ul>\n<li>par t\u00e9l\u00e9phone au 01 47 45 47 45,<\/li>\n<\/ul>\n<\/li>\n<\/ul>\n<p><!-- \/wp:list-item --><\/p>\n<p><!-- wp:list-item --><\/p>\n<ul>\n<li style=\"list-style-type: none;\">\n<ul>\n<li>par mail: contact[@]arnerimmobilier.fr<\/li>\n<\/ul>\n<\/li>\n<\/ul>\n<p><!-- \/wp:list-item --><\/p>\n<p><!-- \/wp:list --><\/p>\n<p><!-- wp:paragraph --><\/p>\n<p>Honoraires<br>Les honoraires d\u2019Arner Immobilier sont d\u00e9finis contractuellement&nbsp;<a href=\"https:\/\/arnerimmobilier.fr\/wp-content\/uploads\/2024\/06\/bareme_honoraires_arner_immobilier.pdf\" target=\"_blank\" rel=\"noopener\">\u00e0 partir d&rsquo;un bar\u00e8me<\/a>.<\/p>\n<p><!-- \/wp:paragraph --><\/p>\n<p><!-- wp:paragraph --><\/p>\n<p>Conditions g\u00e9n\u00e9rales d&rsquo;utilisation du site.<\/p>\n<p><!-- \/wp:paragraph --><\/p>\n<p><!-- wp:paragraph --><\/p>\n<p>Les conditions g\u00e9n\u00e9rales d&rsquo;utilisation du site sont r\u00e9put\u00e9es accept\u00e9es \u00e0 partir du moment<br>o\u00f9 vous poursuivez votre visite.<br>Arner Immobilier (ci-apr\u00e8s la Soci\u00e9t\u00e9) est le propri\u00e9taire exclusif du pr\u00e9sent site et d\u00e9tient<br>l&rsquo;ensemble des droits qui lui sont attach\u00e9s.<br>Toute exploitation, sous quelque forme que ce soit, des \u00e9l\u00e9ments constitutifs du site<br>n\u00e9cessite l&rsquo;accord pr\u00e9alable et \u00e9crit de la Soci\u00e9t\u00e9.<br>La Soci\u00e9t\u00e9 peut modifier, suspendre ou arr\u00eater tout ou partie des services propos\u00e9es sur<br>le site, sans pr\u00e9avis ni indemnit\u00e9.<br>Directeur de publication : Michel Arner<br>Coordonn\u00e9es de l&rsquo;h\u00e9bergeur : OVH 2 rue Kellermann \u2013 59100 Roubaix -France<br>Utilisation des cookies \u2013 redirection vers les cookies<br>Les informations pr\u00e9sentes sur le site de la Soci\u00e9t\u00e9 ont un caract\u00e8re exclusivement<br>informatif et g\u00e9n\u00e9ral et n&#8217;emportent aucun engagement juridique ou contractuel de la part<br>de la Soci\u00e9t\u00e9.<\/p>\n<p><!-- \/wp:paragraph --><\/p>\n<p><!-- wp:paragraph --><\/p>\n<p>Le contenu du site ne permet en aucun cas de fonder une quelconque d\u00e9cision<br>d&rsquo;acquisition ou d&rsquo;investissement. Aussi, la Soci\u00e9t\u00e9 d\u00e9cline toute responsabilit\u00e9<br>relativement \u00e0 toute d\u00e9cision et ses cons\u00e9quences, qui serait prise \u00e0 partir du contenu du<br>site.<br>Il appartient \u00e0 chacun de construire sa r\u00e9flexion, de confronter les avis de professionnels,<br>d&rsquo;\u00e9valuer les avantages et inconv\u00e9nients des projets en regard de ses objectifs<br>personnels et de sa situation patrimoniale, familiale, professionnelle, financi\u00e8re\u2026<br>La Soci\u00e9t\u00e9 est attentive \u00e0 vous proposer une information de qualit\u00e9 et pour cela elle met<br>en \u0153uvre les moyens qui lui semblent appropri\u00e9s. N\u00e9anmoins, elle ne peut garantir ni<br>l&rsquo;exhaustivit\u00e9, ni l&rsquo;exactitude des informations mises \u00e0 votre disposition.<br>La Soci\u00e9t\u00e9 n&rsquo;est pas responsable de l&rsquo;utilisation du site ni des moyens n\u00e9cessaires pour y<br>acc\u00e9der (vitesse d&rsquo;acc\u00e8s, mat\u00e9riels informatiques, logiciels, syst\u00e8me d&rsquo;exploitation, \u2026).<br>L&rsquo;utilisateur est seul responsable de l&rsquo;utilisation du site. A ce titre, il doit s&rsquo;assurer de la<br>s\u00e9curit\u00e9 de son installation et ne pas porter atteinte \u00e0 la s\u00e9curit\u00e9 du site de la Soci\u00e9t\u00e9.<br>Le site peut \u00e9galement indiquer des liens vers des sites externes, mais la Soci\u00e9t\u00e9 n&rsquo;en<br>contr\u00f4le pas le contenu et d\u00e9cline toute mise en responsabilit\u00e9 \u00e0 ce titre.<br>Tout litige en relation avec l\u2019utilisation du site www.arnerimmobilier.fr est soumis au droit<br>fran\u00e7ais.<\/p>\n<p><!-- \/wp:paragraph --><\/p>\n<p><!-- wp:heading --><\/p>\n<h2 class=\"wp-block-heading\">Utilisation des cookies<\/h2>\n<p><!-- \/wp:heading --><\/p>\n<p><!-- wp:paragraph --><\/p>\n<p>En poursuivant votre navigation sur le site www.arnerimmobilier.fr, vous acceptez que<br>des cookies soient plac\u00e9s sur votre terminal.<br>Vous pouvez vous opposer au d\u00e9p\u00f4t de certains cookies.<\/p>\n<p><!-- \/wp:paragraph --><\/p>\n<p><!-- wp:paragraph --><\/p>\n<p>Pour en savoir plus :<br>Un cookie est un petit fichier texte d\u00e9pos\u00e9 sur votre ordinateur.<br>L&rsquo;installation de certains cookies ne n\u00e9cessitent pas votre accord :<\/p>\n<p><!-- \/wp:paragraph --><\/p>\n<p><!-- wp:paragraph --><\/p>\n<p>\uf0b7 cookies indispensables \u00e0 la navigation,<br>\uf0b7 cookies pour optimiser le fonctionnement du site.<\/p>\n<p><!-- \/wp:paragraph --><\/p>\n<p><!-- wp:paragraph --><\/p>\n<p>D&rsquo;autres types de cookies n\u00e9cessitent votre consentement explicite parce qu&rsquo;ils<br>exploitent des donn\u00e9es personnelles :<\/p>\n<p><!-- \/wp:paragraph --><\/p>\n<p><!-- wp:list --><\/p>\n<ul>\n<li style=\"list-style-type: none;\">\n<ul><!-- wp:list-item --><\/ul>\n<\/li>\n<\/ul>\n<ul>\n<li style=\"list-style-type: none;\">\n<ul>\n<li>cookies statistiques,<\/li>\n<\/ul>\n<\/li>\n<\/ul>\n<p><!-- \/wp:list-item --><\/p>\n<p><!-- wp:list-item --><\/p>\n<ul>\n<li style=\"list-style-type: none;\">\n<ul>\n<li>cookies de partage sur des r\u00e9seaux sociaux.<\/li>\n<\/ul>\n<\/li>\n<li style=\"list-style-type: none;\">&nbsp;<\/li>\n<li style=\"list-style-type: none;\">&nbsp;<\/li>\n<li style=\"list-style-type: none;\">&nbsp;<\/li>\n<li style=\"list-style-type: none;\">&nbsp;<\/li>\n<li style=\"list-style-type: none;\">&nbsp;<h2 class=\"wp-block-heading\">H\u00e9bergeur<\/h2>\n\n\n\n<p><strong>SAS OVH<\/strong><br>au capital de 10 069 020 \u20ac<br>2 rue Kellermann<br>59100 Roubaix \u2013 France<\/p><\/li>\n<li style=\"list-style-type: none;\">&nbsp;<\/li>\n<li style=\"list-style-type: none;\">\n<div>&nbsp;<\/div>\n<\/li>\n<\/ul>\n<p><!-- \/wp:list-item --><\/p>\n<p><!-- \/wp:list --><\/p>\t\t\t\t\t\t<\/div>\n\t\t\t\t<\/div>\n\t\t\t\t\t<\/div>\n\t\t<\/div>\n\t\t\t\t\t<\/div>\n\t\t<\/section>\n\t\t\t\t<\/div>\n\t\t","protected":false},"excerpt":{"rendered":"<p>Soci\u00e9t\u00e9 : Arner ImmobilierSi\u00e8ge social : 38, rue des PoissonniersForme juridique : Soci\u00e9t\u00e9 par actions simplifi\u00e9eCapital social : 10.000 eurosSIREN : 834 345 423 RCS NanterreNum\u00e9ro de TVA intracommunautaire : FR72834345423T\u00e9l\u00e9phone : 01 47 45 47 45Adresse e-mail : contact[@]arnerimmobilier.frSite internet : arnerimmobilier.fr Les activit\u00e9s de la Soci\u00e9t\u00e9 : Informations \u00e0 conna\u00eetre avant la mise [&hellip;]<\/p>\n","protected":false},"author":1,"featured_media":0,"parent":0,"menu_order":0,"comment_status":"closed","ping_status":"closed","template":"","meta":{"_uag_custom_page_level_css":"","site-sidebar-layout":"default","site-content-layout":"","ast-site-content-layout":"default","site-content-style":"default","site-sidebar-style":"default","ast-global-header-display":"","ast-banner-title-visibility":"","ast-main-header-display":"","ast-hfb-above-header-display":"","ast-hfb-below-header-display":"","ast-hfb-mobile-header-display":"","site-post-title":"","ast-breadcrumbs-content":"","ast-featured-img":"","footer-sml-layout":"","theme-transparent-header-meta":"","adv-header-id-meta":"","stick-header-meta":"","header-above-stick-meta":"","header-main-stick-meta":"","header-below-stick-meta":"","astra-migrate-meta-layouts":"set","ast-page-background-enabled":"default","ast-page-background-meta":{"desktop":{"background-color":"","background-image":"","background-repeat":"repeat","background-position":"center center","background-size":"auto","background-attachment":"scroll","background-type":"","background-media":"","overlay-type":"","overlay-color":"","overlay-gradient":""},"tablet":{"background-color":"","background-image":"","background-repeat":"repeat","background-position":"center center","background-size":"auto","background-attachment":"scroll","background-type":"","background-media":"","overlay-type":"","overlay-color":"","overlay-gradient":""},"mobile":{"background-color":"","background-image":"","background-repeat":"repeat","background-position":"center center","background-size":"auto","background-attachment":"scroll","background-type":"","background-media":"","overlay-type":"","overlay-color":"","overlay-gradient":""}},"ast-content-background-meta":{"desktop":{"background-color":"var(--ast-global-color-5)","background-image":"","background-repeat":"repeat","background-position":"center center","background-size":"auto","background-attachment":"scroll","background-type":"","background-media":"","overlay-type":"","overlay-color":"","overlay-gradient":""},"tablet":{"background-color":"var(--ast-global-color-5)","background-image":"","background-repeat":"repeat","background-position":"center center","background-size":"auto","background-attachment":"scroll","background-type":"","background-media":"","overlay-type":"","overlay-color":"","overlay-gradient":""},"mobile":{"background-color":"var(--ast-global-color-5)","background-image":"","background-repeat":"repeat","background-position":"center center","background-size":"auto","background-attachment":"scroll","background-type":"","background-media":"","overlay-type":"","overlay-color":"","overlay-gradient":""}},"footnotes":""},"class_list":["post-1132","page","type-page","status-publish","hentry"],"jetpack_sharing_enabled":true,"uagb_featured_image_src":{"full":false,"thumbnail":false,"medium":false,"medium_large":false,"large":false,"1536x1536":false,"2048x2048":false,"ultp_layout_landscape_large":false,"ultp_layout_landscape":false,"ultp_layout_portrait":false,"ultp_layout_square":false},"uagb_author_info":{"display_name":"wnaim","author_link":"https:\/\/arnerimmobilier.fr\/index.php\/author\/wnaim\/"},"uagb_comment_info":0,"uagb_excerpt":"Soci\u00e9t\u00e9 : Arner ImmobilierSi\u00e8ge social : 38, rue des PoissonniersForme juridique : Soci\u00e9t\u00e9 par actions simplifi\u00e9eCapital social : 10.000 eurosSIREN : 834 345 423 RCS NanterreNum\u00e9ro de TVA intracommunautaire : FR72834345423T\u00e9l\u00e9phone : 01 47 45 47 45Adresse e-mail : contact[@]arnerimmobilier.frSite internet : arnerimmobilier.fr Les activit\u00e9s de la Soci\u00e9t\u00e9 : Informations \u00e0 conna\u00eetre avant la mise\u2026","_links":{"self":[{"href":"https:\/\/arnerimmobilier.fr\/index.php\/wp-json\/wp\/v2\/pages\/1132","targetHints":{"allow":["GET"]}}],"collection":[{"href":"https:\/\/arnerimmobilier.fr\/index.php\/wp-json\/wp\/v2\/pages"}],"about":[{"href":"https:\/\/arnerimmobilier.fr\/index.php\/wp-json\/wp\/v2\/types\/page"}],"author":[{"embeddable":true,"href":"https:\/\/arnerimmobilier.fr\/index.php\/wp-json\/wp\/v2\/users\/1"}],"replies":[{"embeddable":true,"href":"https:\/\/arnerimmobilier.fr\/index.php\/wp-json\/wp\/v2\/comments?post=1132"}],"version-history":[{"count":12,"href":"https:\/\/arnerimmobilier.fr\/index.php\/wp-json\/wp\/v2\/pages\/1132\/revisions"}],"predecessor-version":[{"id":1150,"href":"https:\/\/arnerimmobilier.fr\/index.php\/wp-json\/wp\/v2\/pages\/1132\/revisions\/1150"}],"wp:attachment":[{"href":"https:\/\/arnerimmobilier.fr\/index.php\/wp-json\/wp\/v2\/media?parent=1132"}],"curies":[{"name":"wp","href":"https:\/\/api.w.org\/{rel}","templated":true}]}}